{"id":987509465,"date":"2025-02-20T16:56:33","date_gmt":"2025-02-20T21:56:33","guid":{"rendered":"http:\/\/localhost:8888\/rugby-quebec\/?page_id=987509465"},"modified":"2025-05-02T09:35:58","modified_gmt":"2025-05-02T14:35:58","slug":"sante-des-athletes","status":"publish","type":"page","link":"https:\/\/rugbyquebec.org\/index.php\/sante-des-athletes\/","title":{"rendered":"Sant\u00e9 des athl\u00e8tes"},"content":{"rendered":"<p>[et_pb_section fb_built=\u00a0\u00bb1&Prime; fullwidth=\u00a0\u00bbon\u00a0\u00bb _builder_version=\u00a0\u00bb4.27.4&Prime; _module_preset=\u00a0\u00bbdefault\u00a0\u00bb global_colors_info=\u00a0\u00bb{}\u00a0\u00bb da_is_popup=\u00a0\u00bboff\u00a0\u00bb da_exit_intent=\u00a0\u00bboff\u00a0\u00bb da_has_close=\u00a0\u00bbon\u00a0\u00bb da_alt_close=\u00a0\u00bboff\u00a0\u00bb da_dark_close=\u00a0\u00bboff\u00a0\u00bb da_not_modal=\u00a0\u00bbon\u00a0\u00bb da_is_singular=\u00a0\u00bboff\u00a0\u00bb da_with_loader=\u00a0\u00bboff\u00a0\u00bb da_has_shadow=\u00a0\u00bbon\u00a0\u00bb da_disable_devices=\u00a0\u00bboff|off|off\u00a0\u00bb][et_pb_fullwidth_header title=\u00a0\u00bbSANT\u00c9 DES ATHL\u00c8TES\u00a0\u00bb text_orientation=\u00a0\u00bbcenter\u00a0\u00bb _builder_version=\u00a0\u00bb4.27.4&Prime; _module_preset=\u00a0\u00bbdefault\u00a0\u00bb background_color=\u00a0\u00bbRGBA(255,255,255,0)\u00a0\u00bb background_image=\u00a0\u00bbhttp:\/\/rugbyquebec.org\/wp-content\/uploads\/2025\/04\/Site-internet-page-de-garde.png\u00a0\u00bb background_blend=\u00a0\u00bboverlay\u00a0\u00bb hover_enabled=\u00a0\u00bb0&Prime; global_colors_info=\u00a0\u00bb{}\u00a0\u00bb subhead__hover_enabled=\u00a0\u00bbon|desktop\u00a0\u00bb alt=\u00a0\u00bbpage de garde RQ\u00a0\u00bb title_text=\u00a0\u00bbSite internet page de garde\u00a0\u00bb sticky_enabled=\u00a0\u00bb0&Prime;][\/et_pb_fullwidth_header][\/et_pb_section][et_pb_section fb_built=\u00a0\u00bb1&Prime; _builder_version=\u00a0\u00bb4.27.4&Prime; _module_preset=\u00a0\u00bbdefault\u00a0\u00bb global_colors_info=\u00a0\u00bb{}\u00a0\u00bb da_is_popup=\u00a0\u00bboff\u00a0\u00bb da_exit_intent=\u00a0\u00bboff\u00a0\u00bb da_has_close=\u00a0\u00bbon\u00a0\u00bb da_alt_close=\u00a0\u00bboff\u00a0\u00bb da_dark_close=\u00a0\u00bboff\u00a0\u00bb da_not_modal=\u00a0\u00bbon\u00a0\u00bb da_is_singular=\u00a0\u00bboff\u00a0\u00bb da_with_loader=\u00a0\u00bboff\u00a0\u00bb da_has_shadow=\u00a0\u00bbon\u00a0\u00bb da_disable_devices=\u00a0\u00bboff|off|off\u00a0\u00bb][et_pb_row _builder_version=\u00a0\u00bb4.27.4&Prime; _module_preset=\u00a0\u00bbdefault\u00a0\u00bb global_colors_info=\u00a0\u00bb{}\u00a0\u00bb][et_pb_column type=\u00a0\u00bb4_4&Prime; _builder_version=\u00a0\u00bb4.27.4&Prime; _module_preset=\u00a0\u00bbdefault\u00a0\u00bb global_colors_info=\u00a0\u00bb{}\u00a0\u00bb][et_pb_text _builder_version=\u00a0\u00bb4.27.4&Prime; _module_preset=\u00a0\u00bbdefault\u00a0\u00bb global_colors_info=\u00a0\u00bb{}\u00a0\u00bb]<\/p>\n<h2><span style=\"color: #003366;\">Commotions c\u00e9r\u00e9brales<\/span><\/h2>\n<p><span style=\"color: #003366;\"><\/span><\/p>\n<p>La Direction de la s\u00e9curit\u00e9 dans le loisir et le sport, Secteur du loisir et du sport du Minist\u00e8re de l\u2019\u00c9ducation et de l\u2019Enseignement sup\u00e9rieur, a \u00e9tablit <a href=\"https:\/\/www.education.gouv.qc.ca\/fileadmin\/site_web\/documents\/loisir-sport\/Protocole_de_gestion_des_commotions_cerebrales_FR.pdf\">le protocole de gestion des commotions c\u00e9r\u00e9brales<\/a> <strong>2e \u00e9dition 2019<\/strong> qui inclut des proc\u00e9dures, des outils de r\u00e9f\u00e9rence et une fiche de suivi pour reconna\u00eetre les signes et sympt\u00f4mes d\u2019une possible commotion c\u00e9r\u00e9brale, le tout rassembl\u00e9 et disponible sur le site <a href=\"https:\/\/www.education.gouv.qc.ca\/athletes-entraineurs-et-officiels\/commotions-cerebrales\/protocole-de-gestion\/\">Web du Minist\u00e8re<\/a>. Cet outil d\u00e9crit chacune des \u00e9tapes \u00e0 partir de l\u2019incident jusqu\u2019\u00e0 la reprise compl\u00e8te des activit\u00e9s.<\/p>\n<p>[\/et_pb_text][\/et_pb_column][\/et_pb_row][et_pb_row column_structure=\u00a0\u00bb1_2,1_2&Prime; _builder_version=\u00a0\u00bb4.27.4&Prime; _module_preset=\u00a0\u00bbdefault\u00a0\u00bb global_colors_info=\u00a0\u00bb{}\u00a0\u00bb][et_pb_column type=\u00a0\u00bb1_2&Prime; _builder_version=\u00a0\u00bb4.27.4&Prime; _module_preset=\u00a0\u00bbdefault\u00a0\u00bb global_colors_info=\u00a0\u00bb{}\u00a0\u00bb][et_pb_text _builder_version=\u00a0\u00bb4.27.4&Prime; _module_preset=\u00a0\u00bbdefault\u00a0\u00bb custom_padding=\u00a0\u00bb||||false|false\u00a0\u00bb global_colors_info=\u00a0\u00bb{}\u00a0\u00bb]<\/p>\n<h3 style=\"text-align: left;\"><span style=\"color: #003366;\">Protocole du Gouvernement du Qu\u00e9bec<\/span><span style=\"color: #003366;\"><\/span><span style=\"color: #003366;\"><\/span><\/h3>\n<ul>\n<li><a href=\"http:\/\/www.education.gouv.qc.ca\/references\/tx-solrtyperecherchepublicationtx-solrpublicationnouveaute\/resultats-de-la-recherche\/detail\/article\/protocole-de-gestion-des-commotions-cerebrales\/\">Protocole\u00a0de gestion des commotions c\u00e9r\u00e9brales\u00a0<\/a><\/li>\n<li><a href=\"http:\/\/www.education.gouv.qc.ca\/eleves\/securite-integrite-et-ethique\/securite\/prevention-des-traumatismes\/\">Pr\u00e9vention des traumatismes<\/a><\/li>\n<\/ul>\n<p>[\/et_pb_text][et_pb_text _builder_version=\u00a0\u00bb4.27.4&Prime; _module_preset=\u00a0\u00bbdefault\u00a0\u00bb global_colors_info=\u00a0\u00bb{}\u00a0\u00bb]<\/p>\n<h3><span style=\"color: #003366;\">Protocole des commotion de Rugby Canada<\/span><\/h3>\n<div>\n<ul>\n<li><a href=\"https:\/\/www.world.rugby\/the-game\/player-welfare\/medical\/concussion\/recognise-and-remove\" target=\"_blank\" rel=\"noopener\">Identifier et faire sortir le joueur du terrain<\/a><\/li>\n<li><a href=\"https:\/\/playsmart.rugbycanada.ca\/fr\/pdf\/World_Rugby_Concussion_Guidance_FR.pdf\">Protocole de gestion des commotions c\u00e9r\u00e9brales<\/a><a href=\"https:\/\/playsmart.rugbycanada.ca\/fr\/index.html\">JOUER INTELLIGEMMENT de Rugby Canada<br \/><span class=\"red industry\">Priorit\u00e9 aux athl\u00e8tes<\/span><\/a><\/li>\n<\/ul>\n<\/div>\n<p>[\/et_pb_text][\/et_pb_column][et_pb_column type=\u00a0\u00bb1_2&Prime; _builder_version=\u00a0\u00bb4.27.4&Prime; _module_preset=\u00a0\u00bbdefault\u00a0\u00bb global_colors_info=\u00a0\u00bb{}\u00a0\u00bb][et_pb_image src=\u00a0\u00bbhttp:\/\/rugbyquebec.org\/\/wp-content\/uploads\/2025\/02\/comotions.png\u00a0\u00bb alt=\u00a0\u00bbAffiche du gouvernement pour les commotions\u00a0\u00bb title_text=\u00a0\u00bbcomotions\u00a0\u00bb _builder_version=\u00a0\u00bb4.27.4&Prime; _module_preset=\u00a0\u00bbdefault\u00a0\u00bb max_width=\u00a0\u00bb58%\u00a0\u00bb module_alignment=\u00a0\u00bbcenter\u00a0\u00bb global_colors_info=\u00a0\u00bb{}\u00a0\u00bb][\/et_pb_image][\/et_pb_column][\/et_pb_row][et_pb_row _builder_version=\u00a0\u00bb4.27.4&Prime; _module_preset=\u00a0\u00bbdefault\u00a0\u00bb global_colors_info=\u00a0\u00bb{}\u00a0\u00bb][et_pb_column type=\u00a0\u00bb4_4&Prime; _builder_version=\u00a0\u00bb4.27.4&Prime; _module_preset=\u00a0\u00bbdefault\u00a0\u00bb global_colors_info=\u00a0\u00bb{}\u00a0\u00bb][et_pb_text _builder_version=\u00a0\u00bb4.27.4&Prime; _module_preset=\u00a0\u00bbdefault\u00a0\u00bb global_colors_info=\u00a0\u00bb{}\u00a0\u00bb]<\/p>\n<div>\n<div>\n<h2><span style=\"color: #003366;\">Antidopage<\/span><\/h2>\n<h2><span style=\"color: #003366; font-size: 16px;\"><\/span><\/h2>\n<h2><span style=\"color: #003366; font-size: 16px;\">Drogues, substances interdites et m\u00e9dicaments<\/span><\/h2>\n<\/div>\n<\/div>\n<div>\n<p>L\u2019Agence mondiale antidopage a pour but de s\u2019assurer que les athl\u00e8tes prennent part \u00e0 des comp\u00e9titions dans un environnement sans dopage. Pour en savoir plus sur le <a href=\"http:\/\/cces.ca\/fr\/le-programme-canadien-antidopage\">Programme canadien antidopage<\/a>.<\/p>\n<ul>\n<li><a href=\"http:\/\/www.education.gouv.qc.ca\/eleves\/securite-integrite-et-ethique\/integrite-et-ethique\/prevention-du-dopage\/\">Pr\u00e9vention du dopage<\/a>, par le Gouvernement du Qu\u00e9bec<\/li>\n<li><a href=\"http:\/\/cces.ca\/fr\/zoneathlete\">La\u00a0zone athl\u00e8te\u00a0du CCES<\/a>\u00a0est un point central pour avoir acc\u00e8s \u00e0 des ressources et \u00e0 des renseignements pour les athl\u00e8tes et leur personnel de soutien.<\/li>\n<li><a href=\"http:\/\/www.globaldro.com\/\">DRO Global<\/a>\u00a0offre aux athl\u00e8tes et au personnel de soutien des renseignements sur le statut interdit de certaines substances conform\u00e9ment \u00e0 la Liste des interdictions en vigueur de l\u2019Agence mondiale antidopage (AMA).<\/li>\n<li>Le CCES est fier d\u2019\u00eatre membre actif du\u00a0<a href=\"http:\/\/truesportpur.ca\/fr\">Mouvement Sport pur<\/a>, un mouvement ax\u00e9 sur l\u2019id\u00e9e simple que le sport sain peut faire une diff\u00e9rence.<\/li>\n<li><a href=\"https:\/\/cces.ca\/fr\/news\/le-cces-rappelle-aux-athletes-que-le-cannabis-demeure-interdit-dans-le-sport-malgre-sa?utm_source=CCES+Publications&amp;utm_campaign=4225635540-EMAIL_CAMPAIGN_2018_05_16&amp;utm_medium=email&amp;utm_term=0_99c9e5c562-4225635540-325941333\">Avis sur le cannabis du CCES<\/a><\/li>\n<\/ul>\n<p>Courriel\u00a0:\u00a0info@cces.ca \/ Appel sans frais\u00a0: 1-800-672-7775 \/\u00a0<a href=\"http:\/\/cces.ca\/fr\/zoneathlete\">http:\/\/cces.ca\/fr\/zoneathlete<\/a><\/p>\n<\/div>\n<p>[\/et_pb_text][\/et_pb_column][\/et_pb_row][et_pb_row _builder_version=\u00a0\u00bb4.27.4&Prime; _module_preset=\u00a0\u00bbdefault\u00a0\u00bb global_colors_info=\u00a0\u00bb{}\u00a0\u00bb][et_pb_column type=\u00a0\u00bb4_4&Prime; _builder_version=\u00a0\u00bb4.27.4&Prime; _module_preset=\u00a0\u00bbdefault\u00a0\u00bb global_colors_info=\u00a0\u00bb{}\u00a0\u00bb][et_pb_image src=\u00a0\u00bbhttp:\/\/rugbyquebec.org\/\/wp-content\/uploads\/2025\/02\/banner-centre-pour-ethique-sport.png\u00a0\u00bb alt=\u00a0\u00bbBanni\u00e8re centre canadien pour l&rsquo;\u00e9htique dans le sport\u00a0\u00bb title_text=\u00a0\u00bbbanner-centre-pour-ethique-sport\u00a0\u00bb _builder_version=\u00a0\u00bb4.27.4&Prime; _module_preset=\u00a0\u00bbdefault\u00a0\u00bb global_colors_info=\u00a0\u00bb{}\u00a0\u00bb][\/et_pb_image][\/et_pb_column][\/et_pb_row][et_pb_row _builder_version=\u00a0\u00bb4.27.4&Prime; _module_preset=\u00a0\u00bbdefault\u00a0\u00bb global_colors_info=\u00a0\u00bb{}\u00a0\u00bb][et_pb_column type=\u00a0\u00bb4_4&Prime; _builder_version=\u00a0\u00bb4.27.4&Prime; _module_preset=\u00a0\u00bbdefault\u00a0\u00bb global_colors_info=\u00a0\u00bb{}\u00a0\u00bb][et_pb_text _builder_version=\u00a0\u00bb4.27.4&Prime; _module_preset=\u00a0\u00bbdefault\u00a0\u00bb global_colors_info=\u00a0\u00bb{}\u00a0\u00bb]<\/p>\n<h2><span style=\"color: #003366;\">Ressources<\/span><\/h2>\n<div>\u00a0<\/div>\n<div>\n<h3><span style=\"color: #003366;\">Sport&rsquo;aide<\/span><\/h3>\n<div>Sport&rsquo;aide est un organisme sans but lucratif ind\u00e9pendant qui vise \u00e0 offrir des services d\u2019accompagnement, d\u2019\u00e9coute et d\u2019orientation aux jeunes sportifs, mais \u00e9galement aux divers acteurs du monde sportif qu\u00e9b\u00e9cois (parents, entra\u00eeneurs, organisations sportives, officiels et b\u00e9n\u00e9voles) t\u00e9moins de violence \u00e0 l\u2019\u00e9gard des jeunes.<\/div>\n<\/div>\n<p>[\/et_pb_text][\/et_pb_column][\/et_pb_row][et_pb_row _builder_version=\u00a0\u00bb4.27.4&Prime; _module_preset=\u00a0\u00bbdefault\u00a0\u00bb global_colors_info=\u00a0\u00bb{}\u00a0\u00bb][et_pb_column type=\u00a0\u00bb4_4&Prime; _builder_version=\u00a0\u00bb4.27.4&Prime; _module_preset=\u00a0\u00bbdefault\u00a0\u00bb global_colors_info=\u00a0\u00bb{}\u00a0\u00bb][et_pb_image src=\u00a0\u00bbhttp:\/\/rugbyquebec.org\/\/wp-content\/uploads\/2025\/02\/Logo_SportAide_v1.png\u00a0\u00bb alt=\u00a0\u00bbLogo de SportAide\u00a0\u00bb title_text=\u00a0\u00bbLogo_SportAide\u00a0\u00bb align=\u00a0\u00bbcenter\u00a0\u00bb _builder_version=\u00a0\u00bb4.27.4&Prime; _module_preset=\u00a0\u00bbdefault\u00a0\u00bb global_colors_info=\u00a0\u00bb{}\u00a0\u00bb][\/et_pb_image][\/et_pb_column][\/et_pb_row][et_pb_row _builder_version=\u00a0\u00bb4.27.4&Prime; _module_preset=\u00a0\u00bbdefault\u00a0\u00bb global_colors_info=\u00a0\u00bb{}\u00a0\u00bb][et_pb_column type=\u00a0\u00bb4_4&Prime; _builder_version=\u00a0\u00bb4.27.4&Prime; _module_preset=\u00a0\u00bbdefault\u00a0\u00bb global_colors_info=\u00a0\u00bb{}\u00a0\u00bb][et_pb_text _builder_version=\u00a0\u00bb4.27.4&Prime; _module_preset=\u00a0\u00bbdefault\u00a0\u00bb global_colors_info=\u00a0\u00bb{}\u00a0\u00bb]<\/p>\n<div>\n<h3><span style=\"color: #003366;\">Association Canadienne des Entra\u00eeneurs (ACE)<\/span><\/h3>\n<\/div>\n<div>\n<p><span>Les trois composantes d\u2019un entra\u00eenement responsable contribuent \u00e0 s\u2019assurer que les participantes, les participants, les entra\u00eeneures et les entra\u00eeneurs puissent b\u00e9n\u00e9ficier pleinement d\u2019une participation sportive dans un environnement s\u00e9curitaire, sain et amusant.\u00a0<\/span><span>Les trois composantes sont : la r\u00e8gle de deux, v\u00e9rification des ant\u00e9c\u00e9dents et la formation sur l\u2019\u00e9thique.<\/span><\/p>\n<p>Il est \u00e0 noter qu\u2019\u00e0 Natation canada, la r\u00e8gle de deux se d\u00e9finit par des\u00a0<a href=\"https:\/\/swimming.ca\/fr\/sport-securitaire\/prevention\/mouvement-entrainement-responsable\/environnement-ouvert-et-observable\/\">environnements ouverts et observables<\/a>\u00a0doit \u00eatre suivi par tous.<\/p>\n<\/div>\n<p>[\/et_pb_text][\/et_pb_column][\/et_pb_row][et_pb_row _builder_version=\u00a0\u00bb4.27.4&Prime; _module_preset=\u00a0\u00bbdefault\u00a0\u00bb global_colors_info=\u00a0\u00bb{}\u00a0\u00bb][et_pb_column type=\u00a0\u00bb4_4&Prime; _builder_version=\u00a0\u00bb4.27.4&Prime; _module_preset=\u00a0\u00bbdefault\u00a0\u00bb global_colors_info=\u00a0\u00bb{}\u00a0\u00bb][et_pb_image src=\u00a0\u00bbhttp:\/\/rugbyquebec.org\/\/wp-content\/uploads\/2025\/02\/logo-ACE.png\u00a0\u00bb alt=\u00a0\u00bbLogo coach.ca\u00a0\u00bb title_text=\u00a0\u00bblogo-ACE\u00a0\u00bb align=\u00a0\u00bbcenter\u00a0\u00bb _builder_version=\u00a0\u00bb4.27.4&Prime; _module_preset=\u00a0\u00bbdefault\u00a0\u00bb global_colors_info=\u00a0\u00bb{}\u00a0\u00bb][\/et_pb_image][\/et_pb_column][\/et_pb_row][et_pb_row _builder_version=\u00a0\u00bb4.27.4&Prime; _module_preset=\u00a0\u00bbdefault\u00a0\u00bb global_colors_info=\u00a0\u00bb{}\u00a0\u00bb][et_pb_column type=\u00a0\u00bb4_4&Prime; _builder_version=\u00a0\u00bb4.27.4&Prime; _module_preset=\u00a0\u00bbdefault\u00a0\u00bb global_colors_info=\u00a0\u00bb{}\u00a0\u00bb][et_pb_text _builder_version=\u00a0\u00bb4.27.4&Prime; _module_preset=\u00a0\u00bbdefault\u00a0\u00bb global_colors_info=\u00a0\u00bb{}\u00a0\u00bb]<\/p>\n<div>\n<h3><span style=\"color: #003366;\">Sport bien \u00eatre<\/span><\/h3>\n<\/div>\n<div><span>Promouvoir un environnement sportif sain et s\u00e9curitaire pour les jeunes athl\u00e8tes. Gr\u00e2ce \u00e0 la diffusion de l\u2019information et \u00e0 des mesures de sensibilisation, nous aidons les membres de la communaut\u00e9 sportive (athl\u00e8tes, parents, entra\u00eeneurs, administrateurs, et autres intervenants) \u00e0 comprendre, \u00e0 g\u00e9rer et surtout \u00e0 \u00e9liminer la violence en milieu sportif sous toutes ses formes.<\/span><\/div>\n<p>[\/et_pb_text][\/et_pb_column][\/et_pb_row][et_pb_row _builder_version=\u00a0\u00bb4.27.4&Prime; _module_preset=\u00a0\u00bbdefault\u00a0\u00bb global_colors_info=\u00a0\u00bb{}\u00a0\u00bb][et_pb_column type=\u00a0\u00bb4_4&Prime; _builder_version=\u00a0\u00bb4.27.4&Prime; _module_preset=\u00a0\u00bbdefault\u00a0\u00bb global_colors_info=\u00a0\u00bb{}\u00a0\u00bb][et_pb_image src=\u00a0\u00bbhttp:\/\/rugbyquebec.org\/\/wp-content\/uploads\/2025\/02\/sportbienetre.png\u00a0\u00bb alt=\u00a0\u00bbLogo de sportbienetre.ca\u00a0\u00bb title_text=\u00a0\u00bblogo-sportbienetre\u00a0\u00bb align=\u00a0\u00bbcenter\u00a0\u00bb _builder_version=\u00a0\u00bb4.27.4&Prime; _module_preset=\u00a0\u00bbdefault\u00a0\u00bb global_colors_info=\u00a0\u00bb{}\u00a0\u00bb][\/et_pb_image][\/et_pb_column][\/et_pb_row][\/et_pb_section]<\/p>\n","protected":false},"excerpt":{"rendered":"<p>Commotions c\u00e9r\u00e9brales La Direction de la s\u00e9curit\u00e9 dans le loisir et le sport, Secteur du loisir et du sport du Minist\u00e8re de l\u2019\u00c9ducation et de l\u2019Enseignement sup\u00e9rieur, a \u00e9tablit le protocole de gestion des commotions c\u00e9r\u00e9brales 2e \u00e9dition 2019 qui inclut des proc\u00e9dures, des outils de r\u00e9f\u00e9rence et une fiche de suivi pour reconna\u00eetre les [&hellip;]<\/p>\n","protected":false},"author":3,"featured_media":0,"parent":0,"menu_order":0,"comment_status":"closed","ping_status":"closed","template":"","meta":{"_et_pb_use_builder":"on","_et_pb_old_content":"","_et_gb_content_width":"","footnotes":""},"class_list":["post-987509465","page","type-page","status-publish","hentry"],"_links":{"self":[{"href":"https:\/\/rugbyquebec.org\/index.php\/wp-json\/wp\/v2\/pages\/987509465","targetHints":{"allow":["GET"]}}],"collection":[{"href":"https:\/\/rugbyquebec.org\/index.php\/wp-json\/wp\/v2\/pages"}],"about":[{"href":"https:\/\/rugbyquebec.org\/index.php\/wp-json\/wp\/v2\/types\/page"}],"author":[{"embeddable":true,"href":"https:\/\/rugbyquebec.org\/index.php\/wp-json\/wp\/v2\/users\/3"}],"replies":[{"embeddable":true,"href":"https:\/\/rugbyquebec.org\/index.php\/wp-json\/wp\/v2\/comments?post=987509465"}],"version-history":[{"count":6,"href":"https:\/\/rugbyquebec.org\/index.php\/wp-json\/wp\/v2\/pages\/987509465\/revisions"}],"predecessor-version":[{"id":987510302,"href":"https:\/\/rugbyquebec.org\/index.php\/wp-json\/wp\/v2\/pages\/987509465\/revisions\/987510302"}],"wp:attachment":[{"href":"https:\/\/rugbyquebec.org\/index.php\/wp-json\/wp\/v2\/media?parent=987509465"}],"curies":[{"name":"wp","href":"https:\/\/api.w.org\/{rel}","templated":true}]}}